(6).
-5
Let m(h) = -h**3 - 12*h**2 - 14*h - 25. Give m(-11).
8
Let w(k) = -k**2 + 19*k - 41. What is w(17)?
-7
Let k(q) = -23*q - 25. Calculate k(-3).
44
Let t(q) = -2*q**3 + 9*q**2 + 5*q - 3. Give t(5).
-3
Let m(c) = c - 19. What is m(14)?
-5
Let x(c) = c**3 - 4*c**2 - 3. What is x(3)?
-12
Let u(z) = -z**3 - z**2 + 39. Determine u(0).
39
Let k(f) = -f**2 - 10*f - 15. Calculate k(-6).
9
Let h(f) = 71*f + 72. Determine h(-1).
1
Let f(g) = -5*g - 101. Calculate f(-21).
4
Let a(d) = 4*d + 3. Determine a(12).
51
Let p(u) = -u**3 - 10*u**2 - 11*u - 67. Determine p(-10).
43
Let j(k) = -k**3 - 12*k**2 - 12*k - 18. Calculate j(-11).
-7
Let k(u) = -u**3 + 19*u**2 - 31*u - 22. What is k(17)?
29
Let h(j) = 2*j**2 - 5*j + 8. Determine h(4).
20
Let z(d) = d**3 + 9*d**2 + 6*d - 2. Calculate z(-8).
14
Let u(i) = i**3 - 7*i**2 - 6*i + 12. What is u(7)?
-30
Let h(a) = 13*a**3 - 7*a**2 + 3*a + 2. Determine h(-1).
-21
Let g(f) = -f**3 - 6*f**2 + 2*f - 12. Give g(-6).
-24
Let p(j) = -j - 32. Calculate p(-15).
-17
Let z(s) = -s**3 - 11*s**2 + 12*s - 5. Calculate z(-12).
-5
Let a(p) = 20*p + 4. Calculate a(-2).
-36
Let x(n) = n**3 - 3*n**2 + 4*n. Determine x(4).
32
Let z(j) = -2*j**3 + 2*j**2 + j - 3. Calculate z(2).
-9
Let b(z) = -z**3 - 5*z**2 + 7*z + 21. What is b(-6)?
15
Let f(t) = -44*t - 33. What is f(-1)?
11
Let y(a) = a**2 + 20*a - 187. Determine y(-27).
2
Let q(d) = -d**2 + 2*d + 3. What is q(-5)?
-32
Let j(q) = 5*q**3 + 2*q**2 + 2*q. Determine j(-1).
-5
Let a(n) = 9*n + 32. Determine a(-5).
-13
Let c(y) = y**2 + 18*y + 20. Calculate c(-8).
-60
Let p(c) = -c**3 - 13*c**2 - 10*c - 16. Determine p(-12).
-40
Let y(t) = 146*t - 1024. What is y(7)?
-2
Let v(u) = -11*u**3 + 2*u**2 + u. What is v(-1)?
12
Let o(i) = -i**2 + 29*i - 49. Determine o(27).
5
Let s(t) = -4*t - 24. Calculate s(-7).
4
Let j(m) = 2*m - 14. What is j(2)?
-10
Let m(k) = k**3 - 9*k**2 + 15*k - 6. Calculate m(7).
1
Let l(t) = t**2 + 11*t + 22. Calculate l(-5).
-8
Let q(c) = -c**3 + 6*c**2 + 3*c + 13. What is q(6)?
31
Let v(m) = -2*m + 19. What is v(14)?
-9
Let u(q) = 6*q**3 - 4*q - 3. Calculate u(-2).
-43
Let t(z) = -z**3 + z**2 + 3*z - 2. Calculate t(1).
1
Let c(d) = -d**2 - 20*d - 1. Give c(-21).
-22
Let k(l) = -l**3 - 9*l**2 + 9*l + 19. Determine k(-9).
-62
Let y(i) = -53*i - 319. Calculate y(-6).
-1
Let d(l) = l**3 + 12*l**2 + l + 6. Give d(-12).
-6
Let f(d) = -d**2 - 12*d + 18. Give f(-13).
5
Let w(b) = b**3 + 13*b**2 + 18*b + 38. Give w(-11).
82
Let j(i) = -i**3 - 4*i**2 - 7*i + 13. Determine j(-6).
127
Let d(c) = -c**2 + 2. Give d(-2).
-2
Let f(i) = 2*i**2 + 49*i - 19. Calculate f(-26).
59
Let f(y) = -y**2 + 10*y + 17. What is f(12)?
-7
Let w(k) = -k**2 - 10*k - 31. Determine w(-6).
-7
Let h(t) = t**2 + 18*t + 11. Give h(-18).
11
Let w(k) = k**2 - 13*k - 72. Give w(17).
-4
Let b(z) = -z**3 - 13*z**2 - 6. Give b(-13).
-6
Let a(u) = -22*u**3 - u + 3. Determine a(1).
-20
Let h(z) = -z**3 + 28*z**2 - 50*z - 53. What is h(26)?
-1
Let p(y) = y**2 - 9*y + 14. Calculate p(8).
6
Let o(r) = -8*r - 1. Determine o(1).
-9
Let v(d) = d**2 - 6*d - 48. Calculate v(11).
7
Let u(i) = i**3 + 5*i**2 - 6*i + 10. Give u(-6).
10
Let g(h) = h**3 - 11*h**2 + 10*h + 5. Give g(10).
5
Let x(i) = -21*i**3 + i**2 + 3*i + 1. Give x(-1).
20
Let l(y) = y + 4. What is l(-6)?
-2
Let m(b) = -b**3 - 19*b**2 - 23*b - 4. Calculate m(-18).
86
Let l(y) = 9*y**3 - 2*y**2 + 5*y - 3. What is l(1)?
9
Let n(q) = -8*q + 11. Determine n(2).
-5
Let k(s) = s - 14. Give k(5).
-9
Let i(t) = t**3 - 17*t**2 - t - 17. Calculate i(17).
-34
Let v(r) = r**2 + 5*r - 69. Calculate v(-11).
-3
Let y(m) = 8*m**3 + 2*m - 1. What is y(1)?
9
Let k(l) = -l**3 - 13*l**2 + 14*l + 22. Give k(-14).
22
Let m(s) = s**3 + 38*s**2 - 126*s - 128. Give m(-41).
-5
Let l(o) = -o**3 + 8*o - 6. Give l(3).
-9
Let z(j) = j**3 - 4*j**2 - 11*j - 10. What is z(6)?
-4
Let y(h) = -15*h + 3. Give y(-3).
48
Let n(b) = -b**3 - 6*b**2 + 6*b + 25. Determine n(-6).
-11
Let s(t) = t**2 + 11*t + 9. What is s(-10)?
-1
Let c(w) = w + 3. What is c(-8)?
-5
Let m(t) = 2*t**2 - 13*t - 10. Give m(7).
-3
Let x(a) = -75*a**2 + a - 2. Give x(1).
-76
Let s(m) = -2*m**3 + 2*m**2 + 3*m. What is s(-1)?
1
Let p(c) = -17*c**2 + c - 1. Calculate p(1).
-17
Let f(w) = -w**3 - 12*w**2 - 18*w - 19. Calculate f(-11).
58
Let c(p) = p**3 + 14*p**2 - 15*p - 13. Determine c(-15).
-13
Let v(r) = -r**3 - 11*r**2 - 5*r - 13. What is v(-10)?
-63
Let i(k) = 5*k**2 - k + 1. What is i(-1)?
7
Let b(w) = -10*w**2 - 62*w - 8. What is b(-6)?
4
Let w(z) = -z + 7. What is w(0)?
7
Let w(k) = k**3 - 15*k**2 - 1. Calculate w(15).
-1
Let m(c) = 2*c**2 - 20*c + 63. Determine m(10).
63
Let i(w) = w + 2. Give i(-6).
-4
Let x(l) = l**2 - 20*l + 121. Calculate x(10).
21
Let c(z) = -z**3 + 2*z**2 - 2*z - 10. Determine c(0).
-10
Let g(f) = 14*f - 53. What is g(4)?
3
Let y(o) = o**3 + 4*o**2 + 7*o + 3. Determine y(-5).
-57
Let b(y) = -128*y + 1. Give b(-1).
129
Let d(k) = k**3 - 8*k**2 - 5*k - 5. Calculate d(9).
31
Let b(o) = -6*o - 6. Give b(-7).
36
Let y(l) = l**3 + 7*l**2 + 6*l + 9. Give y(-7).
-33
Let n(j) = -2*j**2 - 11*j - 7. Calculate n(-4).
5
Let v(m) = m**3 - 21*m**2 - 20*m - 42. Determine v(22).
2
Let l(m) = -4*m - 14. Determine l(-6).
10
Let v(q) = -4*q**3 + q**2 + 2*q + 2. Calculate v(-2).
34
Let a(z) = -z**2 + 7*z + 1. Give a(5).
11
Let m(d) = d + 25. What is m(-12)?
13
Let t(r) = r**2 - 3*r - 4. Determine t(5).
6
Let d(v) = -v**3 - 9*v**2 - 8*v + 15. Give d(-7).
-27
Let v(p) = 16*p**3 - p**2 + 3*p + 5. Calculate v(-2).
-133
Let f(q) = 4*q**2 - 33*q + 9. Determine f(8).
1
Let s(o) = 6*o**2 - 116*o + 47. Give s(19).
9
Let h(g) = -9*g + 85. What is h(8)?
13
Let z(g) = 23*g**2 + 1449*g - 2. Determine z(-63).
-2
Let h(s) = 9*s + 3. What is h(1)?
12
Let z(m) = -m**3 - 3*m**2 - 9*m - 19. Calculate z(-3).
8
Let a(o) = -6*o + 7. Give a(2).
-5
Let h(w) = -10*w + 2. What is h(-4)?
42
Let t(j) = -2*j**2 - 7*j + 11. What is t(-6)?
-19
Let y(j) = -j**3 - 5*j**2 + 6*j + 28. What is y(-5)?
-2
Let p(y) = -20*y**2 - 4*y - 1. Give p(-1).
-17
Let z(s) = -3*s**2 - 2*s + 3. What is z(-4)?
-37
Let o(l) = l**2 - 5*l - 28. What is o(-8)?
76
Let s(y) = 3*y**2 + y + 8. What is s(0)?
8
Let b(q) = -q**2 - 8*q + 21. Determine b(-10).
1
Let b(x) = x - 12. What is b(6)?
-6
Let c(l) = -l**3 + 4*l**2 - l - 2. Calculate c(3).
4
Let z(v) = -4*v**2 + 6*v - 6. Determine z(2).
-10
Let m(n) = -5*n**3 - 2*n**2 - 7*n - 7. What is m(-1)?
3
Let n(a) = a**3 - 10*a**2 + 2*a - 15. What is n(10)?
5
Let s(k) = -2*k**2 + 8*k - 7. Determine s(7).
-49
Let o(v) = v**3 - 26*v**2 + 44*v + 103. What is o(24)?
7
Let y(l) = l**3 - 12*l**2 + 11*l + 12. What is y(11)?
12
Let j(q) = 2*q**2 + 13*q - 2. What is j(-2)?
-20
Let b(x) = 4*x + 61. What is b(-5)?
41
Let r(i) = 15*i - 234. What is r(16)?
6
Let p(j) = -j**3 + j - 11. Calculate p(0).
-11
Let c(j) = j**2 + j - 10. Give c(0).
-10
Let u(k) = k**3 + 8*k**2 + 5*k + 28. Determine u(-8).
-12
Let w(g) = -g**3 + 7*g**2 - 7*g + 9. Give w(6).
3
Let h(i) = -i - 10. Calculate h(5).
-15
Let b(d) = 3*d**2 + 67*d + 129. Give b(-2).
7
Let w(s) = 44*s**3 + s**2. Give w(1).
45
Let n(t) = -t**3 - t**2 - 9*t - 13. Give n(-2).
9
Let l(m) = 12*m + 2. Determine l(-2).
-22
Let a(w) = -w**3 + 4*w**2 - 12*w + 10. Calculate a(4).
-38
Let a(k) = -3*k + 51. Determine a(-8).
75
Let i(h) = h**2 + 27*h + 41. Determine i(-24).
-31
Let i(z) = -z**2 + z + 3. Determine i(-3).
-9
Let u(p) = -p - 3. What is u(8)?
-11
Let g(v) = 6*v**3 - 2*v**2 - v. What is g(2)?
38
Let x(z) = -23*z - 158. Give x(-8).
26
Let s(r) = r**3 + 56*r**2 - 114*r + 124. Calculate s(-58).
8
Let a(t) = -t**3 + 8*t**2 - 2*t + 4. Calculate a(7).
39
Let x(f) = f**2 - 9*f + 2. Calculate x(8).
-6
Let b(l) = 22*l**2 - l + 2. Calculate b(1).
23
Let k(r) = -2*r - 14. What is k(-11)?
8
Let v(m) = -m**3 - 8*m**2 - 7*m + 5. Calculate v(-7).
5
Let t(y) = -y**3 - 7*y**2 - 3*y - 8. What is t(-7)?
13
Let q(j) = j**2 - 10*j + 12. What is q(5)?
-13
Let a(q) = -37*q**2 - 1. Determine a(1).
-38
Let u(h) = -h**3 + 28*h**2 - 27*h + 20. Give u(27).
20
Let f(o) = -2*o**3 + o**2 + 8*o - 7. Calculate f(0).
-7
Let j(k) = -k**3 + 20*k - 13. Give j(4).
3
Let x(g) = -3*g - 12. Determine x(-8).
12
Let p(d) = -6*d**2 + 6*d + 2. What is p(3)?
-34
Let y(q) = q**3 - q**2 - q + 4. Calculate y(3).
19
Let f(n) = -2*n +